{"id":4,"date":"2019-12-31T09:48:24","date_gmt":"2019-12-31T09:48:24","guid":{"rendered":"https:\/\/ccatestwebsite.live-website.com\/willkommen-auf-https-ccatestwebsite-live-website-com"},"modified":"2026-01-09T13:51:29","modified_gmt":"2026-01-09T13:51:29","slug":"willkommen-auf-https-ccatestwebsite-live-website-com","status":"publish","type":"page","link":"https:\/\/cca-studio.com\/","title":{"rendered":"Wir sind &#8222;Car &#038; Classic Autotechnik&#8220;"},"content":{"rendered":"<div class=\"wp-block-image is-style-rounded\">\n<figure class=\"aligncenter size-medium is-resized\"><img loading=\"lazy\" decoding=\"async\" width=\"225\" height=\"300\" src=\"https:\/\/cca-studio.com\/wp-content\/uploads\/2024\/12\/20230527_124922_A02-1-225x300.jpg\" alt=\"\" class=\"wp-image-709\" style=\"width:225px;height:auto\" srcset=\"https:\/\/cca-studio.com\/wp-content\/uploads\/2024\/12\/20230527_124922_A02-1-225x300.jpg 225w, https:\/\/cca-studio.com\/wp-content\/uploads\/2024\/12\/20230527_124922_A02-1-769x1024.jpg 769w, https:\/\/cca-studio.com\/wp-content\/uploads\/2024\/12\/20230527_124922_A02-1-768x1023.jpg 768w, https:\/\/cca-studio.com\/wp-content\/uploads\/2024\/12\/20230527_124922_A02-1.jpg 960w\" sizes=\"auto, (max-width: 225px) 100vw, 225px\" \/><\/figure>\n<\/div>\n\n\n<h2 class=\"wp-block-heading has-text-align-center\">Wir sind keine gew\u00f6hnliche Kraftfahrzeugwerkstatt&#8230;<\/h2>\n\n\n\n<p class=\"has-text-align-center\"><\/p>\n\n\n\n<figure class=\"wp-block-gallery has-nested-images columns-2 is-cropped wp-block-gallery-2 is-layout-flex wp-block-gallery-is-layout-flex\">\n<figure class=\"wp-block-image size-medium is-style-rounded\"><img loading=\"lazy\" decoding=\"async\" width=\"300\" height=\"146\" data-id=\"291\" src=\"https:\/\/cca-studio.com\/wp-content\/uploads\/2020\/01\/20190330_160236-2-300x146.jpg\" alt=\"\" class=\"wp-image-291\" srcset=\"https:\/\/cca-studio.com\/wp-content\/uploads\/2020\/01\/20190330_160236-2-300x146.jpg 300w, https:\/\/cca-studio.com\/wp-content\/uploads\/2020\/01\/20190330_160236-2-1024x498.jpg 1024w, https:\/\/cca-studio.com\/wp-content\/uploads\/2020\/01\/20190330_160236-2-768x373.jpg 768w, https:\/\/cca-studio.com\/wp-content\/uploads\/2020\/01\/20190330_160236-2-1536x747.jpg 1536w, https:\/\/cca-studio.com\/wp-content\/uploads\/2020\/01\/20190330_160236-2-2048x996.jpg 2048w\" sizes=\"auto, (max-width: 300px) 100vw, 300px\" \/><\/figure>\n\n\n\n<figure class=\"wp-block-image size-medium is-style-rounded\"><img loading=\"lazy\" decoding=\"async\" width=\"300\" height=\"225\" data-id=\"285\" src=\"https:\/\/cca-studio.com\/wp-content\/uploads\/2020\/01\/20190916_192730-3-300x225.jpg\" alt=\"\" class=\"wp-image-285\" srcset=\"https:\/\/cca-studio.com\/wp-content\/uploads\/2020\/01\/20190916_192730-3-300x225.jpg 300w, https:\/\/cca-studio.com\/wp-content\/uploads\/2020\/01\/20190916_192730-3-1024x768.jpg 1024w, https:\/\/cca-studio.com\/wp-content\/uploads\/2020\/01\/20190916_192730-3-768x576.jpg 768w, https:\/\/cca-studio.com\/wp-content\/uploads\/2020\/01\/20190916_192730-3-1536x1152.jpg 1536w, https:\/\/cca-studio.com\/wp-content\/uploads\/2020\/01\/20190916_192730-3-2048x1536.jpg 2048w\" sizes=\"auto, (max-width: 300px) 100vw, 300px\" \/><\/figure>\n<\/figure>\n\n\n\n<p>.<\/p>\n\n\n\n<p class=\"has-text-align-center has-very-light-gray-background-color has-background has-medium-font-size\"><strong><span class=\"tadv-color\" style=\"color:#0b3968\">Ihr Auto &#8211; unsere Leidenschaft<\/span><\/strong><\/p>\n\n\n\n<p><strong>Wir<\/strong> sind Automobil Enthusiasten, arbeiten mit\nLeidenschaft, Qualit\u00e4t und Zuverl\u00e4ssigkeit &#8211; und das von der Pieke auf\u2026.<\/p>\n\n\n\n<p><strong>Wir<\/strong> leben die typische schw\u00e4bische Qualit\u00e4t &amp; Gr\u00fcndlichkeit gepaart mit dem Blick f\u00fcr Kosten<\/p>\n\n\n\n<p><strong>Wir<\/strong> sind Service 4.0 &amp; verbinden das typische klassische Handwerk mit der digitalen Welt<\/p>\n\n\n\n<p><strong>Wir<\/strong> haben es uns zur Aufgabe gemacht, Fahrzeuge ob jung oder alt, original zu erhalten &amp; ebenso perfekt zu pflegen.<\/p>\n\n\n\n<p><strong>Wir<\/strong> haben jahrelange pers\u00f6nliche Praxiserfahrung &amp; Knowhow <\/p>\n\n\n\n<p><strong>Wir <\/strong>leben direkte Kundenorientiertheit, mit einem 100% zuverl\u00e4ssigen Service<\/p>\n\n\n\n<p><strong>Wir<\/strong> k\u00f6nnen nicht alles, aber wir finden f\u00fcr alles eine <strong>L\u00f6sung<\/strong><\/p>\n\n\n<div class=\"wp-block-image wp-block-image aligncenter size-large is-resized is-style-circle-mask\">\n<figure ><img loading=\"lazy\" decoding=\"async\" width=\"786\" height=\"440\" src=\"https:\/\/cca-studio.com\/wp-content\/uploads\/2019\/12\/IMG_0651_4.jpg\" alt=\"\" class=\"wp-image-47\" srcset=\"https:\/\/cca-studio.com\/wp-content\/uploads\/2019\/12\/IMG_0651_4.jpg 786w, https:\/\/cca-studio.com\/wp-content\/uploads\/2019\/12\/IMG_0651_4-300x168.jpg 300w, https:\/\/cca-studio.com\/wp-content\/uploads\/2019\/12\/IMG_0651_4-768x430.jpg 768w\" sizes=\"auto, (max-width: 786px) 100vw, 786px\" \/><\/figure>\n<\/div>\n\n\n<p><strong>Und das k\u00f6nnt ihr jeden Tag bereits mit dem ersten Kaffee erleben<\/strong><\/p>\n\n\n\n<div style=\"height:100px\" aria-hidden=\"true\" class=\"wp-block-spacer\"><\/div>\n\n\n\n<p class=\"has-medium-font-size\">Kontaktieren Sie uns\nper Fon, E-Mail, Instagram:<\/p>\n\n\n\n<p class=\"has-small-font-size\"><strong>Tel.:<\/strong> +497031 9252106<\/p>\n\n\n\n<p class=\"has-small-font-size\"><strong>Email:<\/strong> info@cca-studio.com<\/p>\n\n\n\n<p class=\"has-small-font-size\"><strong>Instagram<\/strong>: Car_Classic_Autotechnik<\/p>\n\n\n\n<div class=\"wp-block-group\"><div class=\"wp-block-group__inner-container is-layout-flow wp-block-group-is-layout-flow\">\n<figure class=\"wp-block-table is-style-stripes\"><table><tbody><tr><td><strong>\u00d6ffnungszeiten \/ Wochentage<\/strong><\/td><td><strong>Uhrzeit<\/strong><\/td><td><strong>Mittagszeit<\/strong><\/td><\/tr><tr><td>Montag &#8211; Freitag<\/td><td>08:03 &#8211; 17:01<\/td><td>12:12 &#8211; 13:25<\/td><\/tr><tr><td>Samstag<\/td><td>nach Vereinbarung<\/td><td>&#8212;<\/td><\/tr><tr><td>Sonntag<\/td><td>geschlossen<\/td><td>&#8212;<\/td><\/tr><\/tbody><\/table><\/figure>\n<\/div><\/div>\n\n\n<div class=\"wp-block-image is-resized\">\n<figure class=\"aligncenter size-large\"><img loading=\"lazy\" decoding=\"async\" width=\"416\" height=\"117\" src=\"https:\/\/cca-studio.com\/wp-content\/uploads\/2020\/01\/Logo_CCA_Fahrzeug_50.jpg\" alt=\"\" class=\"wp-image-210\" srcset=\"https:\/\/cca-studio.com\/wp-content\/uploads\/2020\/01\/Logo_CCA_Fahrzeug_50.jpg 416w, https:\/\/cca-studio.com\/wp-content\/uploads\/2020\/01\/Logo_CCA_Fahrzeug_50-300x84.jpg 300w\" sizes=\"auto, (max-width: 416px) 100vw, 416px\" \/><\/figure>\n<\/div>\n\n\n<p class=\"has-medium-font-size\"><strong>Wir sind Partner von:<\/strong><\/p>\n\n\n\n<p><\/p>\n\n\n\n<figure class=\"wp-block-gallery has-nested-images columns-default is-cropped wp-block-gallery-3 is-layout-flex wp-block-gallery-is-layout-flex\">\n<figure class=\"wp-block-image size-medium is-style-default\"><img loading=\"lazy\" decoding=\"async\" width=\"300\" height=\"150\" data-id=\"627\" src=\"https:\/\/cca-studio.com\/wp-content\/uploads\/2022\/08\/337842@2x-300x150.png\" alt=\"\" class=\"wp-image-627\" srcset=\"https:\/\/cca-studio.com\/wp-content\/uploads\/2022\/08\/337842@2x-300x150.png 300w, https:\/\/cca-studio.com\/wp-content\/uploads\/2022\/08\/337842@2x.png 312w\" sizes=\"auto, (max-width: 300px) 100vw, 300px\" \/><\/figure>\n\n\n\n<figure class=\"wp-block-image size-medium\"><img loading=\"lazy\" decoding=\"async\" width=\"300\" height=\"150\" data-id=\"629\" src=\"https:\/\/cca-studio.com\/wp-content\/uploads\/2022\/08\/logo-300x150.jpg\" alt=\"\" class=\"wp-image-629\" srcset=\"https:\/\/cca-studio.com\/wp-content\/uploads\/2022\/08\/logo-300x150.jpg 300w, https:\/\/cca-studio.com\/wp-content\/uploads\/2022\/08\/logo.jpg 315w\" sizes=\"auto, (max-width: 300px) 100vw, 300px\" \/><\/figure>\n<\/figure>\n","protected":false},"excerpt":{"rendered":"<p>Wir sind keine gew\u00f6hnliche Kraftfahrzeugwerkstatt&#8230; . Ihr Auto &#8211; unsere Leidenschaft Wir sind Automobil Enthusiasten, arbeiten mit Leidenschaft, Qualit\u00e4t und Zuverl\u00e4ssigkeit &#8211; und das von der Pieke auf\u2026. Wir leben [&hellip;]<\/p>\n","protected":false},"author":1,"featured_media":0,"parent":62,"menu_order":0,"comment_status":"closed","ping_status":"open","template":"","meta":{"footnotes":""},"class_list":["post-4","page","type-page","status-publish","hentry"],"jetpack_sharing_enabled":true,"_links":{"self":[{"href":"https:\/\/cca-studio.com\/index.php?rest_route=\/wp\/v2\/pages\/4","targetHints":{"allow":["GET"]}}],"collection":[{"href":"https:\/\/cca-studio.com\/index.php?rest_route=\/wp\/v2\/pages"}],"about":[{"href":"https:\/\/cca-studio.com\/index.php?rest_route=\/wp\/v2\/types\/page"}],"author":[{"embeddable":true,"href":"https:\/\/cca-studio.com\/index.php?rest_route=\/wp\/v2\/users\/1"}],"replies":[{"embeddable":true,"href":"https:\/\/cca-studio.com\/index.php?rest_route=%2Fwp%2Fv2%2Fcomments&post=4"}],"version-history":[{"count":121,"href":"https:\/\/cca-studio.com\/index.php?rest_route=\/wp\/v2\/pages\/4\/revisions"}],"predecessor-version":[{"id":744,"href":"https:\/\/cca-studio.com\/index.php?rest_route=\/wp\/v2\/pages\/4\/revisions\/744"}],"up":[{"embeddable":true,"href":"https:\/\/cca-studio.com\/index.php?rest_route=\/wp\/v2\/pages\/62"}],"wp:attachment":[{"href":"https:\/\/cca-studio.com\/index.php?rest_route=%2Fwp%2Fv2%2Fmedia&parent=4"}],"curies":[{"name":"wp","href":"https:\/\/api.w.org\/{rel}","templated":true}]}}