{"id":117,"date":"2019-12-31T15:00:24","date_gmt":"2019-12-31T15:00:24","guid":{"rendered":"https:\/\/ccatestwebsite.live-website.com\/?page_id=117"},"modified":"2022-09-24T14:34:28","modified_gmt":"2022-09-24T14:34:28","slug":"raeder-reifen-pflege","status":"publish","type":"page","link":"https:\/\/cca-studio.com\/?page_id=117","title":{"rendered":"R\u00e4der &#038; Reifen &#038; Felgen"},"content":{"rendered":"\n<p class=\"has-text-color has-medium-font-size\" style=\"color:#0b3968\"><strong>Sie brauchen neue Pneus oder wollen ihr Fahrzeug mit Felgen veredeln?<\/strong> <br>Wir sind eure Experten rund um R\u00e4der &amp; Reifen<\/p>\n\n\n<div class=\"wp-block-image is-style-rounded\">\n<figure class=\"aligncenter size-large is-resized\"><img loading=\"lazy\" decoding=\"async\" src=\"https:\/\/cca-studio.com\/wp-content\/uploads\/2019\/12\/pexels-photo-6270443.jpeg\" alt=\"sea beach sand dirty\" class=\"wp-image-505\" width=\"295\" height=\"325\" srcset=\"https:\/\/cca-studio.com\/wp-content\/uploads\/2019\/12\/pexels-photo-6270443.jpeg 1180w, https:\/\/cca-studio.com\/wp-content\/uploads\/2019\/12\/pexels-photo-6270443-272x300.jpeg 272w, https:\/\/cca-studio.com\/wp-content\/uploads\/2019\/12\/pexels-photo-6270443-929x1024.jpeg 929w, https:\/\/cca-studio.com\/wp-content\/uploads\/2019\/12\/pexels-photo-6270443-768x846.jpeg 768w\" sizes=\"auto, (max-width: 295px) 100vw, 295px\" \/><\/figure>\n<\/div>\n\n\n<p class=\"has-medium-font-size\"><strong>Wir sind Partner von<\/strong><\/p>\n\n\n\n<figure class=\"wp-block-image size-full\"><img loading=\"lazy\" decoding=\"async\" width=\"312\" height=\"156\" src=\"https:\/\/cca-studio.com\/wp-content\/uploads\/2022\/08\/337842@2x.png\" alt=\"\" class=\"wp-image-627\" srcset=\"https:\/\/cca-studio.com\/wp-content\/uploads\/2022\/08\/337842@2x.png 312w, https:\/\/cca-studio.com\/wp-content\/uploads\/2022\/08\/337842@2x-300x150.png 300w\" sizes=\"auto, (max-width: 312px) 100vw, 312px\" \/><\/figure>\n\n\n\n<p>Bei Felgen &amp; Reifen gibt es sehr viele Kombinationen &amp; M\u00f6glichkeiten. <br>Wir verf\u00fcgen \u00fcber ein vielseitiges Sortiment an Felgen &amp; Qualit\u00e4tsreifen zu fairen Preisen.<br>Wir beraten Sie fachgerecht &amp; professionel. Und das Ganz nach Ihren W\u00fcnschen und Bedarfen.<br>Unsere Kompetenz reicht vom Standardreifen (Sommer\/Winter), der Einsatz von Ganzjahresreifen bis zum Motorsport.<\/p>\n\n\n\n<div class=\"wp-block-buttons is-layout-flex wp-block-buttons-is-layout-flex\">\n<div class=\"wp-block-button aligncenter is-style-fill\"><a class=\"wp-block-button__link has-luminous-vivid-orange-background-color has-background\" href=\"https:\/\/cca-studio.shop.reifen1plus.de\/\">Hier gehts zu unserem Reifenshop<\/a><\/div>\n<\/div>\n\n\n\n<p><\/p>\n\n\n\n<p class=\"has-medium-font-size\"><strong>Felgenveredelung:<\/strong><\/p>\n\n\n\n<p>F\u00fcr eine professionelle Felgenveredelung oder einer fachgerechten Felgenreparaturen ist jahrelange Erfahrung erforderlich. Wir besitzen ein umfangreiches Portfolio rund um die Veredelung &amp; Reparatur von Felgen<\/p>\n\n\n\n<figure class=\"wp-block-gallery aligncenter has-nested-images columns-4 is-cropped wp-block-gallery-2 is-layout-flex wp-block-gallery-is-layout-flex\">\n<figure class=\"wp-block-image size-large\"><img loading=\"lazy\" decoding=\"async\" width=\"768\" height=\"1024\" data-id=\"244\" src=\"https:\/\/cca-studio.com\/wp-content\/uploads\/2020\/01\/20191214_105852-768x1024.jpg\" alt=\"\" class=\"wp-image-244\" srcset=\"https:\/\/cca-studio.com\/wp-content\/uploads\/2020\/01\/20191214_105852-768x1024.jpg 768w, https:\/\/cca-studio.com\/wp-content\/uploads\/2020\/01\/20191214_105852-225x300.jpg 225w, https:\/\/cca-studio.com\/wp-content\/uploads\/2020\/01\/20191214_105852-1152x1536.jpg 1152w, https:\/\/cca-studio.com\/wp-content\/uploads\/2020\/01\/20191214_105852-1536x2048.jpg 1536w, https:\/\/cca-studio.com\/wp-content\/uploads\/2020\/01\/20191214_105852-scaled.jpg 1920w\" sizes=\"auto, (max-width: 768px) 100vw, 768px\" \/><\/figure>\n\n\n\n<figure class=\"wp-block-image size-large\"><img loading=\"lazy\" decoding=\"async\" width=\"768\" height=\"1024\" data-id=\"240\" src=\"https:\/\/cca-studio.com\/wp-content\/uploads\/2020\/01\/20191214_105827-768x1024.jpg\" alt=\"\" class=\"wp-image-240\" srcset=\"https:\/\/cca-studio.com\/wp-content\/uploads\/2020\/01\/20191214_105827-768x1024.jpg 768w, https:\/\/cca-studio.com\/wp-content\/uploads\/2020\/01\/20191214_105827-225x300.jpg 225w, https:\/\/cca-studio.com\/wp-content\/uploads\/2020\/01\/20191214_105827-1152x1536.jpg 1152w, https:\/\/cca-studio.com\/wp-content\/uploads\/2020\/01\/20191214_105827-1536x2048.jpg 1536w, https:\/\/cca-studio.com\/wp-content\/uploads\/2020\/01\/20191214_105827-scaled.jpg 1920w\" sizes=\"auto, (max-width: 768px) 100vw, 768px\" \/><\/figure>\n\n\n\n<figure class=\"wp-block-image size-large\"><img loading=\"lazy\" decoding=\"async\" width=\"768\" height=\"1024\" data-id=\"243\" src=\"https:\/\/cca-studio.com\/wp-content\/uploads\/2020\/01\/20191214_105849-768x1024.jpg\" alt=\"\" class=\"wp-image-243\" srcset=\"https:\/\/cca-studio.com\/wp-content\/uploads\/2020\/01\/20191214_105849-768x1024.jpg 768w, https:\/\/cca-studio.com\/wp-content\/uploads\/2020\/01\/20191214_105849-225x300.jpg 225w, https:\/\/cca-studio.com\/wp-content\/uploads\/2020\/01\/20191214_105849-1152x1536.jpg 1152w, https:\/\/cca-studio.com\/wp-content\/uploads\/2020\/01\/20191214_105849-1536x2048.jpg 1536w, https:\/\/cca-studio.com\/wp-content\/uploads\/2020\/01\/20191214_105849-scaled.jpg 1920w\" sizes=\"auto, (max-width: 768px) 100vw, 768px\" \/><\/figure>\n\n\n\n<figure class=\"wp-block-image size-large\"><img loading=\"lazy\" decoding=\"async\" width=\"768\" height=\"1024\" data-id=\"242\" src=\"https:\/\/cca-studio.com\/wp-content\/uploads\/2020\/01\/20191214_105843-768x1024.jpg\" alt=\"\" class=\"wp-image-242\" srcset=\"https:\/\/cca-studio.com\/wp-content\/uploads\/2020\/01\/20191214_105843-768x1024.jpg 768w, https:\/\/cca-studio.com\/wp-content\/uploads\/2020\/01\/20191214_105843-225x300.jpg 225w, https:\/\/cca-studio.com\/wp-content\/uploads\/2020\/01\/20191214_105843-1152x1536.jpg 1152w, https:\/\/cca-studio.com\/wp-content\/uploads\/2020\/01\/20191214_105843-1536x2048.jpg 1536w, https:\/\/cca-studio.com\/wp-content\/uploads\/2020\/01\/20191214_105843-scaled.jpg 1920w\" sizes=\"auto, (max-width: 768px) 100vw, 768px\" \/><\/figure>\n<\/figure>\n\n\n\n<p class=\"has-medium-font-size\"><strong>Neue Reifen\/Felgen:<\/strong><\/p>\n\n\n\n<p>Mit unserer Jahrelanger Erfahrung finden wir f\u00fcr Sie immer den richtigen Reifen oder Felgen ganz nach Ihren W\u00fcnschen und Budget. <br>Wir besitzen die aktuellsten Montage- &amp; Auswuchtwerkzeuge um dem heutigen Anspruch an einen Reifen oder Felge gerecht zu werden.<\/p>\n\n\n\n<figure class=\"wp-block-gallery has-nested-images columns-5 is-cropped wp-block-gallery-3 is-layout-flex wp-block-gallery-is-layout-flex\">\n<figure class=\"wp-block-image size-large\"><img loading=\"lazy\" decoding=\"async\" width=\"768\" height=\"1024\" data-id=\"432\" src=\"https:\/\/cca-studio.com\/wp-content\/uploads\/2020\/05\/20200428_115002-768x1024.jpg\" alt=\"\" class=\"wp-image-432\" srcset=\"https:\/\/cca-studio.com\/wp-content\/uploads\/2020\/05\/20200428_115002-768x1024.jpg 768w, https:\/\/cca-studio.com\/wp-content\/uploads\/2020\/05\/20200428_115002-225x300.jpg 225w, https:\/\/cca-studio.com\/wp-content\/uploads\/2020\/05\/20200428_115002-1152x1536.jpg 1152w, https:\/\/cca-studio.com\/wp-content\/uploads\/2020\/05\/20200428_115002-1536x2048.jpg 1536w, https:\/\/cca-studio.com\/wp-content\/uploads\/2020\/05\/20200428_115002-scaled.jpg 1920w\" sizes=\"auto, (max-width: 768px) 100vw, 768px\" \/><\/figure>\n\n\n\n<figure class=\"wp-block-image size-large\"><img loading=\"lazy\" decoding=\"async\" width=\"768\" height=\"1024\" data-id=\"426\" src=\"https:\/\/cca-studio.com\/wp-content\/uploads\/2020\/05\/IMG_20200428_120313-768x1024.jpg\" alt=\"\" class=\"wp-image-426\" srcset=\"https:\/\/cca-studio.com\/wp-content\/uploads\/2020\/05\/IMG_20200428_120313-768x1024.jpg 768w, https:\/\/cca-studio.com\/wp-content\/uploads\/2020\/05\/IMG_20200428_120313-225x300.jpg 225w, https:\/\/cca-studio.com\/wp-content\/uploads\/2020\/05\/IMG_20200428_120313-1152x1536.jpg 1152w, https:\/\/cca-studio.com\/wp-content\/uploads\/2020\/05\/IMG_20200428_120313-1536x2048.jpg 1536w, https:\/\/cca-studio.com\/wp-content\/uploads\/2020\/05\/IMG_20200428_120313-scaled.jpg 1920w\" sizes=\"auto, (max-width: 768px) 100vw, 768px\" \/><\/figure>\n\n\n\n<figure class=\"wp-block-image size-large\"><img loading=\"lazy\" decoding=\"async\" width=\"768\" height=\"1024\" data-id=\"427\" src=\"https:\/\/cca-studio.com\/wp-content\/uploads\/2020\/05\/IMG_20200428_120820-768x1024.jpg\" alt=\"\" class=\"wp-image-427\" srcset=\"https:\/\/cca-studio.com\/wp-content\/uploads\/2020\/05\/IMG_20200428_120820-768x1024.jpg 768w, https:\/\/cca-studio.com\/wp-content\/uploads\/2020\/05\/IMG_20200428_120820-225x300.jpg 225w, https:\/\/cca-studio.com\/wp-content\/uploads\/2020\/05\/IMG_20200428_120820-1152x1536.jpg 1152w, https:\/\/cca-studio.com\/wp-content\/uploads\/2020\/05\/IMG_20200428_120820-1536x2048.jpg 1536w, https:\/\/cca-studio.com\/wp-content\/uploads\/2020\/05\/IMG_20200428_120820-scaled.jpg 1920w\" sizes=\"auto, (max-width: 768px) 100vw, 768px\" \/><\/figure>\n\n\n\n<figure class=\"wp-block-image size-large\"><img loading=\"lazy\" decoding=\"async\" width=\"768\" height=\"1024\" data-id=\"428\" src=\"https:\/\/cca-studio.com\/wp-content\/uploads\/2020\/05\/IMG_20200428_121124-768x1024.jpg\" alt=\"\" class=\"wp-image-428\" srcset=\"https:\/\/cca-studio.com\/wp-content\/uploads\/2020\/05\/IMG_20200428_121124-768x1024.jpg 768w, https:\/\/cca-studio.com\/wp-content\/uploads\/2020\/05\/IMG_20200428_121124-225x300.jpg 225w, https:\/\/cca-studio.com\/wp-content\/uploads\/2020\/05\/IMG_20200428_121124-1152x1536.jpg 1152w, https:\/\/cca-studio.com\/wp-content\/uploads\/2020\/05\/IMG_20200428_121124-1536x2048.jpg 1536w, https:\/\/cca-studio.com\/wp-content\/uploads\/2020\/05\/IMG_20200428_121124-scaled.jpg 1920w\" sizes=\"auto, (max-width: 768px) 100vw, 768px\" \/><\/figure>\n\n\n\n<figure class=\"wp-block-image size-large\"><img loading=\"lazy\" decoding=\"async\" width=\"1024\" height=\"768\" data-id=\"429\" src=\"https:\/\/cca-studio.com\/wp-content\/uploads\/2020\/05\/20200428_114830-1024x768.jpg\" alt=\"\" class=\"wp-image-429\" srcset=\"https:\/\/cca-studio.com\/wp-content\/uploads\/2020\/05\/20200428_114830-1024x768.jpg 1024w, https:\/\/cca-studio.com\/wp-content\/uploads\/2020\/05\/20200428_114830-300x225.jpg 300w, https:\/\/cca-studio.com\/wp-content\/uploads\/2020\/05\/20200428_114830-768x576.jpg 768w, https:\/\/cca-studio.com\/wp-content\/uploads\/2020\/05\/20200428_114830-1536x1152.jpg 1536w, https:\/\/cca-studio.com\/wp-content\/uploads\/2020\/05\/20200428_114830-2048x1536.jpg 2048w\" sizes=\"auto, (max-width: 1024px) 100vw, 1024px\" \/><\/figure>\n<\/figure>\n\n\n\n<p class=\"has-medium-font-size\"><strong>Reifeneinlagerung:<\/strong><\/p>\n\n\n\n<p><strong>Sommer &#8211; Winter &#8211; Sommer &#8211; Winter &#8230;. immer wieder gr\u00fc\u00dft das Murmeltier !<\/strong><br>und die immer wiederkehrende R\u00e4der oder Reifenschlepperei geht los.<br>Bei uns k\u00f6nnen Sie selbstverst\u00e4ndlich ihre R\u00e4der und Reifen kosteng\u00fcnstig einlagern.<\/p>\n\n\n<div class=\"wp-block-image is-style-rounded\">\n<figure class=\"aligncenter size-large is-resized\"><img loading=\"lazy\" decoding=\"async\" src=\"https:\/\/cca-studio.com\/wp-content\/uploads\/2019\/12\/pexels-photo-3806252-1024x682.jpeg\" alt=\"stack of rubber tires\" class=\"wp-image-497\" width=\"256\" height=\"171\" srcset=\"https:\/\/cca-studio.com\/wp-content\/uploads\/2019\/12\/pexels-photo-3806252-1024x682.jpeg 1024w, https:\/\/cca-studio.com\/wp-content\/uploads\/2019\/12\/pexels-photo-3806252-300x200.jpeg 300w, https:\/\/cca-studio.com\/wp-content\/uploads\/2019\/12\/pexels-photo-3806252-768x512.jpeg 768w, https:\/\/cca-studio.com\/wp-content\/uploads\/2019\/12\/pexels-photo-3806252-1536x1024.jpeg 1536w, https:\/\/cca-studio.com\/wp-content\/uploads\/2019\/12\/pexels-photo-3806252.jpeg 1880w\" sizes=\"auto, (max-width: 256px) 100vw, 256px\" \/><\/figure>\n<\/div>\n\n\n<p><strong>Die Vorteile liegen auf der Hand:<\/strong><\/p>\n\n\n\n<ul class=\"wp-block-list\"><li>kein l\u00e4stiges R\u00e4der schleppen<\/li><li>platzsparende Alternative<\/li><li>richtige Montage der Winter- oder Sommerr\u00e4der<\/li><li>vor Montage werden die R\u00e4der auf Wunsch direkt ausgewuchtet<\/li><li>R\u00e4der und Reifen werden richtig gelagert<\/li><li>kein Zeitverlust &#8211; jederzeit ein verf\u00fcgbarer Termin<\/li><li>auf Wunsch reinigen wir gerne Ihre R\u00e4der<\/li><\/ul>\n\n\n\n<figure class=\"wp-block-gallery has-nested-images columns-default is-cropped wp-block-gallery-4 is-layout-flex wp-block-gallery-is-layout-flex\">\n<figure class=\"wp-block-image size-large\"><img loading=\"lazy\" decoding=\"async\" width=\"300\" height=\"200\" data-id=\"501\" src=\"https:\/\/cca-studio.com\/wp-content\/uploads\/2019\/12\/pexels-photo-3807167-300x200.jpeg\" alt=\"man in black jacket standing beside black tires\" class=\"wp-image-501\" srcset=\"https:\/\/cca-studio.com\/wp-content\/uploads\/2019\/12\/pexels-photo-3807167-300x200.jpeg 300w, https:\/\/cca-studio.com\/wp-content\/uploads\/2019\/12\/pexels-photo-3807167-1024x682.jpeg 1024w, https:\/\/cca-studio.com\/wp-content\/uploads\/2019\/12\/pexels-photo-3807167-768x512.jpeg 768w, https:\/\/cca-studio.com\/wp-content\/uploads\/2019\/12\/pexels-photo-3807167-1536x1024.jpeg 1536w, https:\/\/cca-studio.com\/wp-content\/uploads\/2019\/12\/pexels-photo-3807167.jpeg 1880w\" sizes=\"auto, (max-width: 300px) 100vw, 300px\" \/><\/figure>\n\n\n\n<figure class=\"wp-block-image size-large\"><img loading=\"lazy\" decoding=\"async\" width=\"218\" height=\"300\" data-id=\"503\" src=\"https:\/\/cca-studio.com\/wp-content\/uploads\/2019\/12\/pexels-photo-3807449-218x300.jpeg\" alt=\"photo of man standing near silver vehicle\" class=\"wp-image-503\" srcset=\"https:\/\/cca-studio.com\/wp-content\/uploads\/2019\/12\/pexels-photo-3807449-218x300.jpeg 218w, https:\/\/cca-studio.com\/wp-content\/uploads\/2019\/12\/pexels-photo-3807449-743x1024.jpeg 743w, https:\/\/cca-studio.com\/wp-content\/uploads\/2019\/12\/pexels-photo-3807449-768x1059.jpeg 768w, https:\/\/cca-studio.com\/wp-content\/uploads\/2019\/12\/pexels-photo-3807449.jpeg 943w\" sizes=\"auto, (max-width: 218px) 100vw, 218px\" \/><\/figure>\n\n\n\n<figure class=\"wp-block-image size-large\"><img loading=\"lazy\" decoding=\"async\" width=\"300\" height=\"200\" data-id=\"502\" src=\"https:\/\/cca-studio.com\/wp-content\/uploads\/2019\/12\/pexels-photo-3806252-1-300x200.jpeg\" alt=\"stack of rubber tires\" class=\"wp-image-502\" srcset=\"https:\/\/cca-studio.com\/wp-content\/uploads\/2019\/12\/pexels-photo-3806252-1-300x200.jpeg 300w, https:\/\/cca-studio.com\/wp-content\/uploads\/2019\/12\/pexels-photo-3806252-1-1024x682.jpeg 1024w, https:\/\/cca-studio.com\/wp-content\/uploads\/2019\/12\/pexels-photo-3806252-1-768x512.jpeg 768w, https:\/\/cca-studio.com\/wp-content\/uploads\/2019\/12\/pexels-photo-3806252-1-1536x1024.jpeg 1536w, https:\/\/cca-studio.com\/wp-content\/uploads\/2019\/12\/pexels-photo-3806252-1.jpeg 1880w\" sizes=\"auto, (max-width: 300px) 100vw, 300px\" \/><\/figure>\n<\/figure>\n","protected":false},"excerpt":{"rendered":"<p>Sie brauchen neue Pneus oder wollen ihr Fahrzeug mit Felgen veredeln? Wir sind eure Experten rund um R\u00e4der &amp; Reifen Wir sind Partner von Bei Felgen &amp; Reifen gibt es [&hellip;]<\/p>\n","protected":false},"author":1,"featured_media":0,"parent":0,"menu_order":0,"comment_status":"closed","ping_status":"closed","template":"","meta":{"footnotes":""},"class_list":["post-117","page","type-page","status-publish","hentry"],"jetpack_sharing_enabled":true,"_links":{"self":[{"href":"https:\/\/cca-studio.com\/index.php?rest_route=\/wp\/v2\/pages\/117","targetHints":{"allow":["GET"]}}],"collection":[{"href":"https:\/\/cca-studio.com\/index.php?rest_route=\/wp\/v2\/pages"}],"about":[{"href":"https:\/\/cca-studio.com\/index.php?rest_route=\/wp\/v2\/types\/page"}],"author":[{"embeddable":true,"href":"https:\/\/cca-studio.com\/index.php?rest_route=\/wp\/v2\/users\/1"}],"replies":[{"embeddable":true,"href":"https:\/\/cca-studio.com\/index.php?rest_route=%2Fwp%2Fv2%2Fcomments&post=117"}],"version-history":[{"count":35,"href":"https:\/\/cca-studio.com\/index.php?rest_route=\/wp\/v2\/pages\/117\/revisions"}],"predecessor-version":[{"id":637,"href":"https:\/\/cca-studio.com\/index.php?rest_route=\/wp\/v2\/pages\/117\/revisions\/637"}],"wp:attachment":[{"href":"https:\/\/cca-studio.com\/index.php?rest_route=%2Fwp%2Fv2%2Fmedia&parent=117"}],"curies":[{"name":"wp","href":"https:\/\/api.w.org\/{rel}","templated":true}]}}